c**2 + 3269*c + 13136. Give w(-4).
-20
Let w(g) = -14*g**2 + 178*g + 700. Give w(-3).
40
Let d(f) = 3*f**2 + 97*f - 428. Calculate d(9).
688
Let t(c) = -c**3 - 4*c**2 - 944*c + 6056. What is t(6)?
32
Let x(y) = -y**3 + 290*y**2 - 5141*y - 153. What is x(19)?
-1
Let x(d) = d**2 - 26947*d + 80819. Calculate x(3).
-13
Let w(m) = m**2 + 1216*m + 136168. Calculate w(-124).
760
Let z(d) = -2*d**3 - 37*d**2 + 3*d - 886. Determine z(-20).
254
Let w(i) = 494*i + 17443. What is w(-35)?
153
Let c(o) = -286*o - 27445. What is c(-96)?
11
Let w(o) = 82*o**2 + 114603*o - 114607. Determine w(1).
78
Let x(l) = -4381*l**2 + 109526*l + 58. Give x(25).
83
Let s(f) = 210*f**2 + 4404*f - 21152. Calculate s(-25).
-2
Let z(j) = -3664*j + 37825. Calculate z(11).
-2479
Let i(h) = h**2 + 817*h - 5814. Calculate i(7).
-46
Let h(v) = v**2 - 4608*v - 356021. Calculate h(-76).
-37
Let a(l) = -3*l**3 - 243*l**2 - 24*l - 1801. What is a(-81)?
143
Let x(l) = l**3 + 23*l**2 - 30*l - 1394. What is x(-23)?
-704
Let f(v) = -v**3 - 17309*v**2 + 121223*v - 82. What is f(7)?
-5
Let i(h) = 261*h + 1575. What is i(-8)?
-513
Let z(g) = -291818*g - 4377294. What is z(-15)?
-24
Let z(o) = o**3 - 93*o**2 - 188*o + 17. Give z(95).
207
Let b(n) = n**3 - 9*n**2 + 24*n - 175. Give b(8).
-47
Let p(j) = -360*j + 33113. What is p(84)?
2873
Let a(o) = -o**3 + 7*o**2 + 76*o - 491. Give a(6).
1
Let i(h) = 3*h**2 + 25*h - 276. Determine i(9).
192
Let t(v) = 198*v - 4524. What is t(27)?
822
Let g(s) = 5333*s + 17440. What is g(-3)?
1441
Let q(d) = -2*d**3 + 124*d**2 - 1120*d + 52799. Calculate q(60).
-1
Let r(k) = 102*k**2 - 38378*k + 9739. Calculate r(376).
-37
Let z(j) = -22*j**2 + 7785*j - 6680. What is z(353)?
27
Let c(o) = -4*o**2 - 17. Give c(-8).
-273
Let w(r) = -4*r**3 + 12*r**2 + 14149*r - 56577. Determine w(4).
-45
Let w(p) = -179*p**3 + 27*p + 47. Give w(-2).
1425
Let s(m) = 462136*m - 3234929. Calculate s(7).
23
Let v(c) = -145*c + 4548. Give v(36).
-672
Let z(c) = -32*c**3 - 4*c**2 + 25*c - 54. Determine z(3).
-879
Let i(y) = y**3 + 12*y**2 + 383*y + 3226. Give i(-9).
22
Let b(u) = -4*u**2 - 22579*u + 158068. Determine b(7).
-181
Let x(m) = -m**3 + 25*m**2 + 8*m + 913. Give x(27).
-329
Let u(y) = -118*y**2 - 207666*y + 24614. Determine u(-1760).
-26
Let m(l) = 102*l**2 + 497*l - 185. Calculate m(-4).
-541
Let a(w) = -w**3 + 234*w**2 - 165*w + 11. Determine a(0).
11
Let k(l) = -7*l**2 - 3288*l - 379871. Give k(-205).
-6
Let a(z) = 1144*z - 16599. What is a(15)?
561
Let w(a) = 11*a**3 - 3*a**2 - 2375*a + 4770. Calculate w(2).
96
Let i(x) = -12487*x - 874080. What is i(-70)?
10
Let y(z) = -451*z + 6867. Give y(17).
-800
Let r(g) = 3*g**3 + 51*g**2 + 366*g + 530. Calculate r(-2).
-22
Let w(v) = 7*v**2 + 492*v - 2231. Calculate w(-74).
-307
Let v(j) = 192265*j + 1345825. Give v(-7).
-30
Let x(q) = -2*q**2 + 751*q - 8019. Calculate x(11).
0
Let r(p) = -10*p**2 + 134*p - 1089. What is r(0)?
-1089
Let m(k) = 3*k**2 - 221*k - 55. What is m(78)?
959
Let t(o) = -2*o**2 - 134*o - 2346. Determine t(-46).
-414
Let z(h) = h**3 + 3*h**2 + 396*h + 2979. What is z(-7)?
11
Let i(r) = 58*r + 11642. Give i(-201).
-16
Let r(w) = -w**3 - 2*w**2 - 301*w + 1253. Determine r(4).
-47
Let p(v) = 5*v**2 - 1276*v - 25755. Calculate p(274).
1
Let z(m) = 2*m**2 + 135*m + 3165. Calculate z(-37).
908
Let c(j) = -3*j**3 + 174*j**2 + 274*j - 5730. Determine c(59).
-7
Let y(q) = -q**2 - 394*q + 79596. Give y(147).
69
Let c(b) = 17250*b**2 + 2277001*b + 124. What is c(-132)?
-8
Let s(z) = -4*z**2 + 8014*z + 40093. What is s(-5)?
-77
Let m(p) = -p**3 - 20*p**2 - 16*p - 2040. Calculate m(-23).
-85
Let f(s) = s**3 + 5*s**2 - 174*s + 417. Determine f(-17).
-93
Let m(g) = 26*g**2 + 860*g - 743. Determine m(-34).
73
Let l(s) = s**3 - 12*s**2 - 258*s + 2326. Give l(8).
6
Let o(x) = -13*x - 3267. Calculate o(-143).
-1408
Let n(d) = 20*d**2 + 2562*d - 30662. Give n(11).
-60
Let u(r) = 2*r**3 + 30*r - 25. What is u(1)?
7
Let s(f) = -24*f**2 - 872*f - 5220. Calculate s(-6).
-852
Let x(p) = -25*p**2 - 628*p - 27. Determine x(-25).
48
Let s(f) = 2301*f - 62083. Give s(27).
44
Let s(x) = 132*x - 6796. What is s(53)?
200
Let c(l) = -l**2 + 134*l - 5100. Determine c(73).
-647
Let y(x) = x**3 + 936*x**2 - 1727*x + 139773. Give y(-938).
11
Let p(g) = 182*g**3 + 725*g**2 - 31*g - 81. Give p(-4).
-5
Let m(c) = 273*c**2 + 3559*c + 3555. Calculate m(-1).
269
Let d(j) = -376*j - 27527. What is d(-60)?
-4967
Let z(y) = 15*y**2 + 6584*y + 38959. Give z(-6).
-5
Let w(b) = -86*b**3 - 2067*b**2 - 74*b - 28. Determine w(-24).
20
Let g(c) = -c**3 + 266*c**2 - 2188*c + 582001. Determine g(266).
-7
Let b(x) = -30661*x + 184095. Calculate b(6).
129
Let w(y) = -2141*y + 13264. Determine w(6).
418
Let s(m) = 346*m + 3248. What is s(-9)?
134
Let a(s) = -12311*s + 492457. What is a(40)?
17
Let d(w) = 4767*w**2 + 462*w + 460. Calculate d(-1).
4765
Let q(f) = -8873*f + 312. What is q(0)?
312
Let r(t) = 12254*t - 428878. What is r(35)?
12
Let v(n) = 309064*n - 16. Calculate v(0).
-16
Let k(a) = 24*a**2 - 10191*a + 726446. Calculate k(334).
-4
Let h(s) = -2*s**2 - 12148*s - 342. Calculate h(0).
-342
Let j(n) = n**3 + 8*n**2 - 193*n - 1049. Give j(-11).
711
Let j(k) = k**3 + 1283*k**2 + 4184*k - 3738. What is j(-4)?
-10
Let p(c) = -120*c**2 + 4882*c + 431. Calculate p(41).
-1127
Let g(j) = 4*j**3 - 524*j**2 - 2111*j - 23. Determine g(-4).
-219
Let c(n) = -14*n**3 + 727*n**2 + 36*n + 806. What is c(52)?
-26
Let m(j) = 227*j + 3444. Determine m(-20).
-1096
Let g(y) = -281*y**2 + 965*y + 969. Determine g(-1).
-277
Let k(d) = d**3 - 169*d**2 - 3817*d - 4677. Give k(-19).
-22
Let v(h) = 20*h - 642. Determine v(17).
-302
Let c(l) = -2*l**2 + 313*l - 11925. Determine c(55).
-760
Let b(r) = 47*r**2 - 43*r + 99. Determine b(4).
679
Let s(t) = -5*t**2 - 265*t + 193. Calculate s(-60).
-1907
Let o(d) = 6*d**2 + 80*d - 266. Give o(5).
284
Let s(m) = -m**2 - 40079*m + 561292. What is s(14)?
-10
Let p(g) = -26127*g + 260886. What is p(10)?
-384
Let u(p) = -38*p**2 + 920*p - 5571. Calculate u(12).
-3
Let a(z) = -8263*z + 1297284. Calculate a(157).
-7
Let o(z) = -7*z**3 + 424*z**2 + 185*z - 26. What is o(61)?
96
Let b(k) = -41*k**2 - 802*k - 418. Determine b(-19).
19
Let f(a) = -3*a**2 - 636*a - 26654. Calculate f(-154).
142
Let o(r) = r**3 - 62*r**2 - 611*r + 261. What is o(-9)?
9
Let b(v) = 329270*v + 16463499. Give b(-50).
-1
Let q(l) = -l**3 - 34*l**2 + 534*l + 18805. What is q(-33)?
94
Let p(s) = 5919*s + 83002. Determine p(-14).
136
Let j(u) = u**3 + 111*u**2 - 852*u - 2883. Give j(-118).
185
Let a(b) = -b**3 + 16*b**2 + 101*b - 7879. What is a(-17)?
-59
Let c(i) = -19*i**3 - 201*i**2 - 432*i - 85. What is c(-2)?
127
Let c(w) = -3*w**3 - 231*w**2 + 1770*w + 492. Determine c(-84).
-12
Let i(p) = p**3 + 866*p + 3482. Give i(-4).
-46
Let c(v) = -33*v**3 - 132*v**2 - 428*v - 1723. Calculate c(-4).
-11
Let h(k) = -15346*k - 107529. What is h(-7)?
-107
Let a(k) = -8*k**2 - 1119*k - 6761. What is a(-6)?
-335
Let u(f) = -38*f**2 + 359*f - 2891. What is u(8)?
-2451
Let n(d) = 19*d**2 - 1028*d - 28190. Give n(-20).
-30
Let l(i) = 283*i**2 - 1339*i - 239. Determine l(5).
141
Let y(r) = 166*r + 8136. What is y(-58)?
-1492
Let q(o) = -15619*o + 62074. Determine q(4).
-402
Let s(g) = -6*g**3 + 2*g**2 - 523*g - 1600. Determine s(-3).
149
Let u(t) = -2*t**3 + 721*t**2 - 8701*t + 343. Determine u(348).
-5
Let c(z) = 294*z - 14187. Determine c(37).
-3309
Let v(g) = g**3 + 77*g**2 + 1102*g + 61. Determine v(-19).
61
Let p(r) = -11472*r + 699814. What is p(61)?
22
Let a(g) = g**2 - 1019*g + 9177. Calculate a(9).
87
Let f(c) = 592*c + 6912. What is f(-9)?
1584
Let r(a) = a**3 - 28*a**2 + 212*a - 129. Calculate r(18).
447
Let z(t) = 21*t + 6060. What is z(-293)?
-93
Let j(s) = 2*s**2 + 373*s - 9162. Give j(22).
12
Let m(k) = 11927*k - 61. Calculate m(0).
-61
Let k(j) = 157821*j - 947112. Determine k(6).
-186
Let d(x) = 2*x**3 + 52*x**2 - 3706*x + 71. Give d(-58).
-277
Let o(d) = -d**3 - 188*d**2 + 1196*d + 5966. Give o(-194).
-242
Let d(n) = -n**2 + 929*n - 2790. Give d(3).
-12
Let j(h) = -18118*h - 3460527. What is j(-191)?
11
Let f(j) = 114*j - 748. Give f(6).
-64
Let q(f) = 134619*f + 134629. Determine q(-1).
10
Let f(n) = n**3 - 275*n**2 + 994*n - 273356. Calculate f(275).
-6
Let i(y) = -52